{"id":1618,"date":"2013-04-22T10:44:47","date_gmt":"2013-04-22T10:44:47","guid":{"rendered":"http:\/\/buczny.pl\/wp-content\/uploads\/2013\/04\/lazienka.pdf"},"modified":"2013-04-22T10:44:47","modified_gmt":"2013-04-22T10:44:47","slug":"lazienka-3","status":"inherit","type":"attachment","link":"https:\/\/buczny.pl\/en\/lazienka-3\/","title":{"rendered":"lazienka"},"author":3,"featured_media":0,"comment_status":"open","ping_status":"open","template":"","meta":{"_acf_changed":false,"ngg_post_thumbnail":0},"class_list":["post-1618","attachment","type-attachment","status-inherit","hentry"],"acf":[],"yoast_head":"<!-- This site is optimized with the Yoast SEO plugin v23.5 - https:\/\/yoast.com\/wordpress\/plugins\/seo\/ -->\n<title>lazienka - Anna Buczny Projektowanie i Aran\u017cacja Wn\u0119trz<\/title>\n<meta name=\"robots\" content=\"noindex, follow\" \/>\n<meta property=\"og:locale\" content=\"en_US\" \/>\n<meta property=\"og:type\" content=\"article\" \/>\n<meta property=\"og:title\" content=\"lazienka - Anna Buczny Projektowanie i Aran\u017cacja Wn\u0119trz\" \/>\n<meta property=\"og:description\" content=\"lazienka\" \/>\n<meta property=\"og:url\" content=\"https:\/\/buczny.pl\/wp-content\/uploads\/2013\/04\/lazienka.pdf\" \/>\n<meta property=\"og:site_name\" content=\"Anna Buczny Projektowanie i Aran\u017cacja Wn\u0119trz\" \/>\n<script type=\"application\/ld+json\" class=\"yoast-schema-graph\">{\"@context\":\"https:\/\/schema.org\",\"@graph\":[{\"@type\":\"WebPage\",\"@id\":\"https:\/\/buczny.pl\/wp-content\/uploads\/2013\/04\/lazienka.pdf\",\"url\":\"https:\/\/buczny.pl\/wp-content\/uploads\/2013\/04\/lazienka.pdf\",\"name\":\"lazienka - Anna Buczny Projektowanie i Aran\u017cacja Wn\u0119trz\",\"isPartOf\":{\"@id\":\"https:\/\/buczny.pl\/en\/#website\"},\"datePublished\":\"2013-04-22T10:44:47+00:00\",\"dateModified\":\"2013-04-22T10:44:47+00:00\",\"breadcrumb\":{\"@id\":\"https:\/\/buczny.pl\/wp-content\/uploads\/2013\/04\/lazienka.pdf#breadcrumb\"},\"inLanguage\":\"en-US\",\"potentialAction\":[{\"@type\":\"ReadAction\",\"target\":[\"https:\/\/buczny.pl\/wp-content\/uploads\/2013\/04\/lazienka.pdf\"]}]},{\"@type\":\"BreadcrumbList\",\"@id\":\"https:\/\/buczny.pl\/wp-content\/uploads\/2013\/04\/lazienka.pdf#breadcrumb\",\"itemListElement\":[{\"@type\":\"ListItem\",\"position\":1,\"name\":\"Strona g\u0142\u00f3wna\",\"item\":\"https:\/\/buczny.pl\/en\/\"},{\"@type\":\"ListItem\",\"position\":2,\"name\":\"lazienka\"}]},{\"@type\":\"WebSite\",\"@id\":\"https:\/\/buczny.pl\/en\/#website\",\"url\":\"https:\/\/buczny.pl\/en\/\",\"name\":\"Anna Buczny Projektowanie i Aran\u017cacja Wn\u0119trz\",\"description\":\"Projektowanie i Aran\u017cacja Wn\u0119trz\",\"potentialAction\":[{\"@type\":\"SearchAction\",\"target\":{\"@type\":\"EntryPoint\",\"urlTemplate\":\"https:\/\/buczny.pl\/en\/?s={search_term_string}\"},\"query-input\":{\"@type\":\"PropertyValueSpecification\",\"valueRequired\":true,\"valueName\":\"search_term_string\"}}],\"inLanguage\":\"en-US\"}]}<\/script>\n<!-- \/ Yoast SEO plugin. -->","yoast_head_json":{"title":"lazienka - Anna Buczny Projektowanie i Aran\u017cacja Wn\u0119trz","robots":{"index":"noindex","follow":"follow"},"og_locale":"en_US","og_type":"article","og_title":"lazienka - Anna Buczny Projektowanie i Aran\u017cacja Wn\u0119trz","og_description":"lazienka","og_url":"https:\/\/buczny.pl\/wp-content\/uploads\/2013\/04\/lazienka.pdf","og_site_name":"Anna Buczny Projektowanie i Aran\u017cacja Wn\u0119trz","schema":{"@context":"https:\/\/schema.org","@graph":[{"@type":"WebPage","@id":"https:\/\/buczny.pl\/wp-content\/uploads\/2013\/04\/lazienka.pdf","url":"https:\/\/buczny.pl\/wp-content\/uploads\/2013\/04\/lazienka.pdf","name":"lazienka - Anna Buczny Projektowanie i Aran\u017cacja Wn\u0119trz","isPartOf":{"@id":"https:\/\/buczny.pl\/en\/#website"},"datePublished":"2013-04-22T10:44:47+00:00","dateModified":"2013-04-22T10:44:47+00:00","breadcrumb":{"@id":"https:\/\/buczny.pl\/wp-content\/uploads\/2013\/04\/lazienka.pdf#breadcrumb"},"inLanguage":"en-US","potentialAction":[{"@type":"ReadAction","target":["https:\/\/buczny.pl\/wp-content\/uploads\/2013\/04\/lazienka.pdf"]}]},{"@type":"BreadcrumbList","@id":"https:\/\/buczny.pl\/wp-content\/uploads\/2013\/04\/lazienka.pdf#breadcrumb","itemListElement":[{"@type":"ListItem","position":1,"name":"Strona g\u0142\u00f3wna","item":"https:\/\/buczny.pl\/en\/"},{"@type":"ListItem","position":2,"name":"lazienka"}]},{"@type":"WebSite","@id":"https:\/\/buczny.pl\/en\/#website","url":"https:\/\/buczny.pl\/en\/","name":"Anna Buczny Projektowanie i Aran\u017cacja Wn\u0119trz","description":"Projektowanie i Aran\u017cacja Wn\u0119trz","potentialAction":[{"@type":"SearchAction","target":{"@type":"EntryPoint","urlTemplate":"https:\/\/buczny.pl\/en\/?s={search_term_string}"},"query-input":{"@type":"PropertyValueSpecification","valueRequired":true,"valueName":"search_term_string"}}],"inLanguage":"en-US"}]}},"description":{"rendered":"<p class=\"attachment\"><a href='https:\/\/buczny.pl\/wp-content\/uploads\/2013\/04\/lazienka.pdf'>lazienka<\/a><\/p>\n"},"caption":{"rendered":"<p>lazienka<\/p>\n"},"alt_text":"","media_type":"file","mime_type":"application\/pdf","media_details":{},"post":null,"source_url":"https:\/\/buczny.pl\/wp-content\/uploads\/2013\/04\/lazienka.pdf","_links":{"self":[{"href":"https:\/\/buczny.pl\/en\/wp-json\/wp\/v2\/media\/1618"}],"collection":[{"href":"https:\/\/buczny.pl\/en\/wp-json\/wp\/v2\/media"}],"about":[{"href":"https:\/\/buczny.pl\/en\/wp-json\/wp\/v2\/types\/attachment"}],"author":[{"embeddable":true,"href":"https:\/\/buczny.pl\/en\/wp-json\/wp\/v2\/users\/3"}],"replies":[{"embeddable":true,"href":"https:\/\/buczny.pl\/en\/wp-json\/wp\/v2\/comments?post=1618"}]}}

<!-- This site is optimized with the Yoast SEO plugin v23.5 - https://yoast.com/wordpress/plugins/seo/ -->
<title>lazienka - Anna Buczny Projektowanie i Aranżacja Wnętrz</title>
<meta name="robots" content="noindex, follow" />
<meta property="og:locale" content="en_US" />
<meta property="og:type" content="article" />
<meta property="og:title" content="lazienka - Anna Buczny Projektowanie i Aranżacja Wnętrz" />
<meta property="og:description" content="lazienka" />
<meta property="og:url" content="https://buczny.pl/wp-content/uploads/2013/04/lazienka.pdf" />
<meta property="og:site_name" content="Anna Buczny Projektowanie i Aranżacja Wnętrz" />
<script type="application/ld+json" class="yoast-schema-graph">{"@context":"https://schema.org","@graph":[{"@type":"WebPage","@id":"https://buczny.pl/wp-content/uploads/2013/04/lazienka.pdf","url":"https://buczny.pl/wp-content/uploads/2013/04/lazienka.pdf","name":"lazienka - Anna Buczny Projektowanie i Aranżacja Wnętrz","isPartOf":{"@id":"https://buczny.pl/en/#website"},"datePublished":"2013-04-22T10:44:47+00:00","dateModified":"2013-04-22T10:44:47+00:00","breadcrumb":{"@id":"https://buczny.pl/wp-content/uploads/2013/04/lazienka.pdf#breadcrumb"},"inLanguage":"en-US","potentialAction":[{"@type":"ReadAction","target":["https://buczny.pl/wp-content/uploads/2013/04/lazienka.pdf"]}]},{"@type":"BreadcrumbList","@id":"https://buczny.pl/wp-content/uploads/2013/04/lazienka.pdf#breadcrumb","itemListElement":[{"@type":"ListItem","position":1,"name":"Strona główna","item":"https://buczny.pl/en/"},{"@type":"ListItem","position":2,"name":"lazienka"}]},{"@type":"WebSite","@id":"https://buczny.pl/en/#website","url":"https://buczny.pl/en/","name":"Anna Buczny Projektowanie i Aranżacja Wnętrz","description":"Projektowanie i Aranżacja Wnętrz","potentialAction":[{"@type":"SearchAction","target":{"@type":"EntryPoint","urlTemplate":"https://buczny.pl/en/?s={search_term_string}"},"query-input":{"@type":"PropertyValueSpecification","valueRequired":true,"valueName":"search_term_string"}}],"inLanguage":"en-US"}]}</script>
<!-- / Yoast SEO plugin. -->

lazienka - Anna Buczny Projektowanie i Aranżacja Wnętrz

Anna Buczny Projektowanie i Aranżacja Wnętrz

Strona główna

Projektowanie i Aranżacja Wnętrz
